Dec 03 07:46:55.618 INFO testing google-iap1_beta1-1.0.8+20181003 against master#8940af3cea4a9a9deabcaf843b2f8cad9a83fc61 for beta-1.31-5
Dec 03 07:46:55.619 INFO running `"docker" "create" "-v" "/mnt/big/crater/work/local/target-dirs/beta-1.31-5/worker-3/master#8940af3cea4a9a9deabcaf843b2f8cad9a83fc61:/target:rw,Z" "-v" "/mnt/big/crater/work/local/test-source/worker-3/beta-1.31-5/master#8940af3cea4a9a9deabcaf843b2f8cad9a83fc61:/source:ro,Z" "-v" "/mnt/big/crater/work/local/cargo-home:/cargo-home:ro,Z" "-v" "/mnt/big/crater/work/local/rustup-home:/rustup-home:ro,Z" "-e" "USER_ID=1000" "-e" "SOURCE_DIR=/source" "-e" "USER_ID=1000" "-e" "CMD=cargo +8940af3cea4a9a9deabcaf843b2f8cad9a83fc61-alt build --frozen" "-e" "CARGO_TARGET_DIR=/target" "-e" "CARGO_INCREMENTAL=0" "-e" "RUST_BACKTRACE=full" "-e" "RUSTFLAGS=--cap-lints=warn" "-e" "CARGO_HOME=/cargo-home" "-e" "RUSTUP_HOME=/rustup-home" "-m" "1536M" "--network" "none" "crater"`
Dec 03 07:46:55.991 INFO [stdout] 936cb2ebc2a1fdf693351614e8f58c0c4d3b88cbed6244b79c12a0f21e1038db
Dec 03 07:46:55.993 INFO running `"docker" "start" "-a" "936cb2ebc2a1fdf693351614e8f58c0c4d3b88cbed6244b79c12a0f21e1038db"`
Dec 03 07:46:57.881 INFO [stderr] usermod: no changes
Dec 03 07:46:58.067 INFO [stderr]    Compiling google-iap1_beta1 v1.0.8+20181003 (/source)
Dec 03 07:47:04.783 INFO [stderr]     Finished dev [unoptimized + debuginfo] target(s) in 6.87s
Dec 03 07:47:04.791 INFO [stderr] su: No module specific data is present
Dec 03 07:47:05.499 INFO running `"docker" "inspect" "936cb2ebc2a1fdf693351614e8f58c0c4d3b88cbed6244b79c12a0f21e1038db"`
Dec 03 07:47:05.797 INFO running `"docker" "rm" "-f" "936cb2ebc2a1fdf693351614e8f58c0c4d3b88cbed6244b79c12a0f21e1038db"`
Dec 03 07:47:06.059 INFO [stdout] 936cb2ebc2a1fdf693351614e8f58c0c4d3b88cbed6244b79c12a0f21e1038db
Dec 03 07:47:06.063 INFO running `"docker" "create" "-v" "/mnt/big/crater/work/local/target-dirs/beta-1.31-5/worker-3/master#8940af3cea4a9a9deabcaf843b2f8cad9a83fc61:/target:rw,Z" "-v" "/mnt/big/crater/work/local/test-source/worker-3/beta-1.31-5/master#8940af3cea4a9a9deabcaf843b2f8cad9a83fc61:/source:ro,Z" "-v" "/mnt/big/crater/work/local/cargo-home:/cargo-home:ro,Z" "-v" "/mnt/big/crater/work/local/rustup-home:/rustup-home:ro,Z" "-e" "USER_ID=1000" "-e" "SOURCE_DIR=/source" "-e" "USER_ID=1000" "-e" "CMD=cargo +8940af3cea4a9a9deabcaf843b2f8cad9a83fc61-alt test --frozen --no-run" "-e" "CARGO_TARGET_DIR=/target" "-e" "CARGO_INCREMENTAL=0" "-e" "RUST_BACKTRACE=full" "-e" "RUSTFLAGS=--cap-lints=warn" "-e" "CARGO_HOME=/cargo-home" "-e" "RUSTUP_HOME=/rustup-home" "-m" "1536M" "--network" "none" "crater"`
Dec 03 07:47:06.528 INFO [stdout] e16be47caa5a325977790bf939b8527549d32532aac55d3656d6226a542c8572
Dec 03 07:47:06.530 INFO running `"docker" "start" "-a" "e16be47caa5a325977790bf939b8527549d32532aac55d3656d6226a542c8572"`
Dec 03 07:47:08.311 INFO [stderr] usermod: no changes
Dec 03 07:47:08.571 INFO [stderr]    Compiling google-iap1_beta1 v1.0.8+20181003 (/source)
Dec 03 07:47:14.714 INFO [stderr]     Finished dev [unoptimized + debuginfo] target(s) in 6.38s
Dec 03 07:47:14.725 INFO [stderr] su: No module specific data is present
Dec 03 07:47:15.367 INFO running `"docker" "inspect" "e16be47caa5a325977790bf939b8527549d32532aac55d3656d6226a542c8572"`
Dec 03 07:47:15.650 INFO running `"docker" "rm" "-f" "e16be47caa5a325977790bf939b8527549d32532aac55d3656d6226a542c8572"`
Dec 03 07:47:15.960 INFO [stdout] e16be47caa5a325977790bf939b8527549d32532aac55d3656d6226a542c8572
Dec 03 07:47:15.965 INFO running `"docker" "create" "-v" "/mnt/big/crater/work/local/target-dirs/beta-1.31-5/worker-3/master#8940af3cea4a9a9deabcaf843b2f8cad9a83fc61:/target:rw,Z" "-v" "/mnt/big/crater/work/local/test-source/worker-3/beta-1.31-5/master#8940af3cea4a9a9deabcaf843b2f8cad9a83fc61:/source:ro,Z" "-v" "/mnt/big/crater/work/local/cargo-home:/cargo-home:ro,Z" "-v" "/mnt/big/crater/work/local/rustup-home:/rustup-home:ro,Z" "-e" "USER_ID=1000" "-e" "SOURCE_DIR=/source" "-e" "USER_ID=1000" "-e" "CMD=cargo +8940af3cea4a9a9deabcaf843b2f8cad9a83fc61-alt test --frozen" "-e" "CARGO_TARGET_DIR=/target" "-e" "CARGO_INCREMENTAL=0" "-e" "RUST_BACKTRACE=full" "-e" "RUSTFLAGS=--cap-lints=warn" "-e" "CARGO_HOME=/cargo-home" "-e" "RUSTUP_HOME=/rustup-home" "-m" "1536M" "--network" "none" "crater"`
Dec 03 07:47:16.408 INFO [stdout] 98f84cf82711d3a875f76fbe45f6cafe948e4a102dac033432d0ea4e9cb5998d
Dec 03 07:47:16.417 INFO running `"docker" "start" "-a" "98f84cf82711d3a875f76fbe45f6cafe948e4a102dac033432d0ea4e9cb5998d"`
Dec 03 07:47:17.351 INFO [stderr] usermod: no changes
Dec 03 07:47:17.523 INFO [stderr]     Finished dev [unoptimized + debuginfo] target(s) in 0.15s
Dec 03 07:47:17.531 INFO [stderr]      Running /target/debug/deps/google_iap1_beta1-bb0eab8fa9911c7b
Dec 03 07:47:17.532 INFO [stdout] 
Dec 03 07:47:17.532 INFO [stdout] running 0 tests
Dec 03 07:47:17.543 INFO [stdout] 
Dec 03 07:47:17.543 INFO [stdout] test result: ok. 0 passed; 0 failed; 0 ignored; 0 measured; 0 filtered out
Dec 03 07:47:17.543 INFO [stdout] 
Dec 03 07:47:17.543 INFO [stderr]    Doc-tests google-iap1_beta1
Dec 03 07:47:24.560 INFO [stdout] 
Dec 03 07:47:24.560 INFO [stdout] running 27 tests
Dec 03 07:47:24.619 INFO [stdout] test src/lib.rs -  (line 49) ... ignored
Dec 03 07:47:31.926 INFO [stdout] test src/lib.rs - Expr (line 525) ... FAILED
Dec 03 07:47:31.939 INFO [stdout] test src/lib.rs - AuditConfig (line 610) ... FAILED
Dec 03 07:47:31.951 INFO [stdout] test src/lib.rs - Policy (line 677) ... FAILED
Dec 03 07:47:31.971 INFO [stdout] test src/lib.rs - Policy (line 697) ... FAILED
Dec 03 07:47:32.031 INFO [stdout] test src/lib.rs - AuditLogConfig (line 386) ... FAILED
Dec 03 07:48:19.294 INFO [stdout] test src/lib.rs - ProjectIapTunnelZoneGetIamPolicyCall (line 2684) ... ok
Dec 03 07:48:20.853 INFO [stdout] test src/lib.rs - CloudIAP (line 275) ... ok
Dec 03 07:48:23.774 INFO [stdout] test src/lib.rs - ProjectIapTunnelGetIamPolicyCall (line 4116) ... ok
Dec 03 07:48:24.561 INFO [stdout] test src/lib.rs -  (line 90) ... test src/lib.rs -  (line 90) has been running for over 60 seconds
Dec 03 07:48:26.395 INFO [stdout] test src/lib.rs -  (line 90) ... ok
Dec 03 07:48:27.371 INFO [stdout] test src/lib.rs - ProjectIapTunnelTestIamPermissionCall (line 1250) ... ok
Dec 03 07:48:29.163 INFO [stdout] test src/lib.rs - ProjectIapTunnelSetIamPolicyCall (line 2970) ... ok
Dec 03 07:48:29.975 INFO [stdout] test src/lib.rs - ProjectIapTunnelZoneInstanceSetIamPolicyCall (line 6122) ... ok
Dec 03 07:48:31.547 INFO [stdout] test src/lib.rs - ProjectIapTunnelZoneInstanceGetIamPolicyCall (line 5548) ... ok
Dec 03 07:49:16.603 INFO [stdout] test src/lib.rs - ProjectIapTunnelZoneTestIamPermissionCall (line 5262) ... ok
Dec 03 07:49:19.295 INFO [stdout] test src/lib.rs - ProjectIapTunnelZoneInstanceTestIamPermissionCall (line 3258) ... test src/lib.rs - ProjectIapTunnelZoneInstanceTestIamPermissionCall (line 3258) has been running for over 60 seconds
Dec 03 07:49:20.851 INFO [stdout] test src/lib.rs - ProjectIapTunnelZoneSetIamPolicyCall (line 3830) ... test src/lib.rs - ProjectIapTunnelZoneSetIamPolicyCall (line 3830) has been running for over 60 seconds
Dec 03 07:49:21.897 INFO [stdout] test src/lib.rs - ProjectIapTunnelZoneInstanceTestIamPermissionCall (line 3258) ... ok
Dec 03 07:49:26.235 INFO [stdout] test src/lib.rs - ProjectIapTunnelZoneSetIamPolicyCall (line 3830) ... ok
Dec 03 07:49:26.391 INFO [stdout] test src/lib.rs - ProjectIapWebGetIamPolicyCall (line 3544) ... test src/lib.rs - ProjectIapWebGetIamPolicyCall (line 3544) has been running for over 60 seconds
Dec 03 07:49:27.371 INFO [stdout] test src/lib.rs - ProjectIapWebServiceGetIamPolicyCall (line 1824) ... test src/lib.rs - ProjectIapWebServiceGetIamPolicyCall (line 1824) has been running for over 60 seconds
Dec 03 07:49:29.167 INFO [stdout] test src/lib.rs - ProjectIapWebServiceSetIamPolicyCall (line 4688) ... test src/lib.rs - ProjectIapWebServiceSetIamPolicyCall (line 4688) has been running for over 60 seconds
Dec 03 07:49:29.976 INFO [stdout] test src/lib.rs - ProjectIapWebServiceTestIamPermissionCall (line 1538) ... test src/lib.rs - ProjectIapWebServiceTestIamPermissionCall (line 1538) has been running for over 60 seconds
Dec 03 07:49:31.554 INFO [stdout] test src/lib.rs - ProjectIapWebServiceVersionGetIamPolicyCall (line 4402) ... test src/lib.rs - ProjectIapWebServiceVersionGetIamPolicyCall (line 4402) has been running for over 60 seconds
Dec 03 07:49:31.863 INFO [stdout] test src/lib.rs - ProjectIapWebGetIamPolicyCall (line 3544) ... ok
Dec 03 07:49:33.719 INFO [stdout] test src/lib.rs - ProjectIapWebServiceGetIamPolicyCall (line 1824) ... ok
Dec 03 07:49:35.307 INFO [stdout] test src/lib.rs - ProjectIapWebServiceSetIamPolicyCall (line 4688) ... ok
Dec 03 07:49:36.078 INFO [stdout] test src/lib.rs - ProjectIapWebServiceTestIamPermissionCall (line 1538) ... ok
Dec 03 07:49:38.142 INFO [stdout] test src/lib.rs - ProjectIapWebServiceVersionGetIamPolicyCall (line 4402) ... ok
Dec 03 07:50:03.779 INFO [stdout] test src/lib.rs - ProjectIapWebServiceVersionTestIamPermissionCall (line 5836) ... ok
Dec 03 07:50:03.971 INFO [stdout] test src/lib.rs - ProjectIapWebServiceVersionSetIamPolicyCall (line 4974) ... ok
Dec 03 07:50:06.491 INFO [stdout] test src/lib.rs - ProjectIapWebSetIamPolicyCall (line 2398) ... ok
Dec 03 07:50:06.623 INFO [stdout] test src/lib.rs - ProjectIapWebTestIamPermissionCall (line 2112) ... ok
Dec 03 07:50:07.908 INFO [stdout] test src/lib.rs - ProjectMethods (line 769) ... ok
Dec 03 07:50:07.908 INFO [stdout] 
Dec 03 07:50:07.908 INFO [stdout] failures:
Dec 03 07:50:07.908 INFO [stdout] 
Dec 03 07:50:07.910 INFO [stdout] ---- src/lib.rs - Expr (line 525) stdout ----
Dec 03 07:50:07.910 INFO [stdout] error: expected type, found `"User account presence"`
Dec 03 07:50:07.910 INFO [stdout]  --> src/lib.rs:526:8
Dec 03 07:50:07.910 INFO [stdout]   |
Dec 03 07:50:07.910 INFO [stdout] 3 | title: "User account presence"
Dec 03 07:50:07.910 INFO [stdout]   |        ^^^^^^^^^^^^^^^^^^^^^^^ expecting a type here because of type ascription
Dec 03 07:50:07.910 INFO [stdout] 
Dec 03 07:50:07.910 INFO [stdout] thread 'src/lib.rs - Expr (line 525)' panicked at 'couldn't compile the test', librustdoc/test.rs:332:13
Dec 03 07:50:07.910 INFO [stdout] stack backtrace:
Dec 03 07:50:07.910 INFO [stdout]    0:     0x7fa687f4a90f - std::sys::unix::backtrace::tracing::imp::unwind_backtrace::h3a8b83e1922cbdde
Dec 03 07:50:07.910 INFO [stdout]                                at libstd/sys/unix/backtrace/tracing/gcc_s.rs:49
Dec 03 07:50:07.910 INFO [stdout]    1:     0x7fa687f2f897 - std::sys_common::backtrace::print::h00d3155a29b4020f
Dec 03 07:50:07.910 INFO [stdout]                                at libstd/sys_common/backtrace.rs:71
Dec 03 07:50:07.910 INFO [stdout]                                at libstd/sys_common/backtrace.rs:59
Dec 03 07:50:07.910 INFO [stdout]    2:     0x7fa687f55cef - std::panicking::default_hook::{{closure}}::hd7465c742e79e1bb
Dec 03 07:50:07.910 INFO [stdout]                                at libstd/panicking.rs:211
Dec 03 07:50:07.910 INFO [stdout]    3:     0x7fa687f559ee - std::panicking::default_hook::h9e3966f2aa2a6e12
Dec 03 07:50:07.910 INFO [stdout]                                at libstd/panicking.rs:221
Dec 03 07:50:07.910 INFO [stdout]    4:     0x7fa68a0e0951 - rustc::util::common::panic_hook::h27965632b67fe74e
Dec 03 07:50:07.910 INFO [stdout]    5:     0x7fa687f564e6 - std::panicking::rust_panic_with_hook::h587f091ae747d080
Dec 03 07:50:07.910 INFO [stdout]                                at libstd/panicking.rs:480
Dec 03 07:50:07.910 INFO [stdout]    6:     0x55d2773a2b17 - std::panicking::begin_panic::hcef7ac517f7efe0f
Dec 03 07:50:07.910 INFO [stdout]                                at libstd/panicking.rs:410
Dec 03 07:50:07.910 INFO [stdout]    7:     0x55d277536cc7 - <rustdoc::test::Collector as rustdoc::test::Tester>::add_test::{{closure}}::{{closure}}::{{closure}}::h1a7d462b7674a13e
Dec 03 07:50:07.910 INFO [stdout]                                at librustdoc/test.rs:332
Dec 03 07:50:07.910 INFO [stdout]                                at librustdoc/test.rs:596
Dec 03 07:50:07.910 INFO [stdout]    8:     0x55d2774ec1f8 - <scoped_tls::ScopedKey<T>>::set::h9a299037e2efdd79
Dec 03 07:50:07.910 INFO [stdout]                                at /cargo/registry/src/github.com-1ecc6299db9ec823/scoped-tls-0.1.2/src/lib.rs:155
Dec 03 07:50:07.910 INFO [stdout]                                at libsyntax/lib.rs:106
Dec 03 07:50:07.910 INFO [stdout]                                at /cargo/registry/src/github.com-1ecc6299db9ec823/scoped-tls-0.1.2/src/lib.rs:155
Dec 03 07:50:07.910 INFO [stdout]    9:     0x55d2772f0601 - syntax::with_globals::hc9a23e436a64729f
Dec 03 07:50:07.910 INFO [stdout]                                at libsyntax/lib.rs:105
Dec 03 07:50:07.910 INFO [stdout]   10:     0x55d2773a2dbb - std::panicking::try::do_call::hd95e3a92339aa7c0
Dec 03 07:50:07.910 INFO [stdout]                                at librustdoc/test.rs:593
Dec 03 07:50:07.910 INFO [stdout]                                at libstd/panic.rs:313
Dec 03 07:50:07.910 INFO [stdout]                                at libstd/panicking.rs:310
Dec 03 07:50:07.910 INFO [stdout]   11:     0x7fa687f63cd9 - __rust_maybe_catch_panic
Dec 03 07:50:07.910 INFO [stdout]                                at libpanic_unwind/lib.rs:102
Dec 03 07:50:07.910 INFO [stdout]   12:     0x55d2773c5f49 - rustc_driver::in_named_rustc_thread::h5d5326e5f9843b1f
Dec 03 07:50:07.910 INFO [stdout]                                at libstd/panicking.rs:289
Dec 03 07:50:07.910 INFO [stdout]                                at libstd/panic.rs:392
Dec 03 07:50:07.910 INFO [stdout]                                at librustc_driver/lib.rs:1546
Dec 03 07:50:07.910 INFO [stdout]   13:     0x55d277504eb0 - <F as alloc::boxed::FnBox<A>>::call_box::h85b70bbf522f8d35
Dec 03 07:50:07.910 INFO [stdout]                                at librustdoc/test.rs:593
Dec 03 07:50:07.910 INFO [stdout]                                at liballoc/boxed.rs:672
Dec 03 07:50:07.910 INFO [stdout]   14:     0x7fa6895c5022 - <F as alloc::boxed::FnBox<A>>::call_box::h37f4bb882553d58c
Dec 03 07:50:07.910 INFO [stdout]                                at libtest/lib.rs:1461
Dec 03 07:50:07.910 INFO [stdout]                                at liballoc/boxed.rs:672
Dec 03 07:50:07.910 INFO [stdout]   15:     0x7fa687f63cd9 - __rust_maybe_catch_panic
Dec 03 07:50:07.910 INFO [stdout]                                at libpanic_unwind/lib.rs:102
Dec 03 07:50:07.910 INFO [stdout]   16:     0x7fa6895ed462 - std::sys_common::backtrace::__rust_begin_short_backtrace::hb8f0d0309526c184
Dec 03 07:50:07.910 INFO [stdout]                                at libstd/panicking.rs:289
Dec 03 07:50:07.910 INFO [stdout]                                at libstd/panic.rs:392
Dec 03 07:50:07.910 INFO [stdout]                                at libtest/lib.rs:1423
Dec 03 07:50:07.910 INFO [stdout]                                at libstd/sys_common/backtrace.rs:136
Dec 03 07:50:07.911 INFO [stdout]   17:     0x7fa6895ee204 - std::panicking::try::do_call::hc2f7c8b9a348d8db
Dec 03 07:50:07.911 INFO [stdout]                                at libstd/thread/mod.rs:409
Dec 03 07:50:07.911 INFO [stdout]                                at libstd/panic.rs:313
Dec 03 07:50:07.911 INFO [stdout]                                at libstd/panicking.rs:310
Dec 03 07:50:07.911 INFO [stdout]   18:     0x7fa687f63cd9 - __rust_maybe_catch_panic
Dec 03 07:50:07.911 INFO [stdout]                                at libpanic_unwind/lib.rs:102
Dec 03 07:50:07.911 INFO [stdout]   19:     0x7fa6895d694c - <F as alloc::boxed::FnBox<A>>::call_box::h6bfded618e480b32
Dec 03 07:50:07.911 INFO [stdout]                                at libstd/panicking.rs:289
Dec 03 07:50:07.911 INFO [stdout]                                at libstd/panic.rs:392
Dec 03 07:50:07.911 INFO [stdout]                                at libstd/thread/mod.rs:408
Dec 03 07:50:07.911 INFO [stdout]                                at liballoc/boxed.rs:672
Dec 03 07:50:07.911 INFO [stdout]   20:     0x7fa687f50c9d - std::sys_common::thread::start_thread::h4c28257d67cdf9cb
Dec 03 07:50:07.911 INFO [stdout]                                at liballoc/boxed.rs:682
Dec 03 07:50:07.911 INFO [stdout]                                at libstd/sys_common/thread.rs:24
Dec 03 07:50:07.911 INFO [stdout]   21:     0x7fa687f264d5 - std::sys::unix::thread::Thread::new::thread_start::hfecb2e7eff8fd34f
Dec 03 07:50:07.911 INFO [stdout]                                at libstd/sys/unix/thread.rs:90
Dec 03 07:50:07.911 INFO [stdout]   22:     0x7fa687ab26b9 - start_thread
Dec 03 07:50:07.911 INFO [stdout]   23:     0x7fa6875d241c - clone
Dec 03 07:50:07.911 INFO [stdout]   24:                0x0 - <unknown>
Dec 03 07:50:07.911 INFO [stdout] query stack during panic:
Dec 03 07:50:07.911 INFO [stdout] end of query stack
Dec 03 07:50:07.911 INFO [stdout] 
Dec 03 07:50:07.911 INFO [stdout] ---- src/lib.rs - AuditConfig (line 610) stdout ----
Dec 03 07:50:07.911 INFO [stdout] error: expected type, found `{`
Dec 03 07:50:07.911 INFO [stdout]  --> src/lib.rs:613:5
Dec 03 07:50:07.911 INFO [stdout]   |
Dec 03 07:50:07.911 INFO [stdout] 4 |   "audit_configs": [
Dec 03 07:50:07.911 INFO [stdout]   |                  - help: try using a semicolon: `;`
Dec 03 07:50:07.911 INFO [stdout] 5 |     {
Dec 03 07:50:07.911 INFO [stdout]   |     ^ expecting a type here because of type ascription
Dec 03 07:50:07.911 INFO [stdout] 
Dec 03 07:50:07.911 INFO [stdout] thread 'src/lib.rs - AuditConfig (line 610)' panicked at 'couldn't compile the test', librustdoc/test.rs:332:13
Dec 03 07:50:07.911 INFO [stdout] stack backtrace:
Dec 03 07:50:07.911 INFO [stdout]    0:     0x7fa687f4a90f - std::sys::unix::backtrace::tracing::imp::unwind_backtrace::h3a8b83e1922cbdde
Dec 03 07:50:07.911 INFO [stdout]                                at libstd/sys/unix/backtrace/tracing/gcc_s.rs:49
Dec 03 07:50:07.911 INFO [stdout]    1:     0x7fa687f2f897 - std::sys_common::backtrace::print::h00d3155a29b4020f
Dec 03 07:50:07.911 INFO [stdout]                                at libstd/sys_common/backtrace.rs:71
Dec 03 07:50:07.911 INFO [stdout]                                at libstd/sys_common/backtrace.rs:59
Dec 03 07:50:07.911 INFO [stdout]    2:     0x7fa687f55cef - std::panicking::default_hook::{{closure}}::hd7465c742e79e1bb
Dec 03 07:50:07.911 INFO [stdout]                                at libstd/panicking.rs:211
Dec 03 07:50:07.911 INFO [stdout]    3:     0x7fa687f559ee - std::panicking::default_hook::h9e3966f2aa2a6e12
Dec 03 07:50:07.911 INFO [stdout]                                at libstd/panicking.rs:221
Dec 03 07:50:07.911 INFO [stdout]    4:     0x7fa68a0e0951 - rustc::util::common::panic_hook::h27965632b67fe74e
Dec 03 07:50:07.911 INFO [stdout]    5:     0x7fa687f564e6 - std::panicking::rust_panic_with_hook::h587f091ae747d080
Dec 03 07:50:07.911 INFO [stdout]                                at libstd/panicking.rs:480
Dec 03 07:50:07.911 INFO [stdout]    6:     0x55d2773a2b17 - std::panicking::begin_panic::hcef7ac517f7efe0f
Dec 03 07:50:07.911 INFO [stdout]                                at libstd/panicking.rs:410
Dec 03 07:50:07.911 INFO [stdout]    7:     0x55d277536cc7 - <rustdoc::test::Collector as rustdoc::test::Tester>::add_test::{{closure}}::{{closure}}::{{closure}}::h1a7d462b7674a13e
Dec 03 07:50:07.911 INFO [stdout]                                at librustdoc/test.rs:332
Dec 03 07:50:07.911 INFO [stdout]                                at librustdoc/test.rs:596
Dec 03 07:50:07.911 INFO [stdout]    8:     0x55d2774ec1f8 - <scoped_tls::ScopedKey<T>>::set::h9a299037e2efdd79
Dec 03 07:50:07.911 INFO [stdout]                                at /cargo/registry/src/github.com-1ecc6299db9ec823/scoped-tls-0.1.2/src/lib.rs:155
Dec 03 07:50:07.911 INFO [stdout]                                at libsyntax/lib.rs:106
Dec 03 07:50:07.911 INFO [stdout]                                at /cargo/registry/src/github.com-1ecc6299db9ec823/scoped-tls-0.1.2/src/lib.rs:155
Dec 03 07:50:07.911 INFO [stdout]    9:     0x55d2772f0601 - syntax::with_globals::hc9a23e436a64729f
Dec 03 07:50:07.911 INFO [stdout]                                at libsyntax/lib.rs:105
Dec 03 07:50:07.911 INFO [stdout]   10:     0x55d2773a2dbb - std::panicking::try::do_call::hd95e3a92339aa7c0
Dec 03 07:50:07.911 INFO [stdout]                                at librustdoc/test.rs:593
Dec 03 07:50:07.911 INFO [stdout]                                at libstd/panic.rs:313
Dec 03 07:50:07.911 INFO [stdout]                                at libstd/panicking.rs:310
Dec 03 07:50:07.911 INFO [stdout]   11:     0x7fa687f63cd9 - __rust_maybe_catch_panic
Dec 03 07:50:07.911 INFO [stdout]                                at libpanic_unwind/lib.rs:102
Dec 03 07:50:07.911 INFO [stdout]   12:     0x55d2773c5f49 - rustc_driver::in_named_rustc_thread::h5d5326e5f9843b1f
Dec 03 07:50:07.911 INFO [stdout]                                at libstd/panicking.rs:289
Dec 03 07:50:07.911 INFO [stdout]                                at libstd/panic.rs:392
Dec 03 07:50:07.911 INFO [stdout]                                at librustc_driver/lib.rs:1546
Dec 03 07:50:07.911 INFO [stdout]   13:     0x55d277504eb0 - <F as alloc::boxed::FnBox<A>>::call_box::h85b70bbf522f8d35
Dec 03 07:50:07.911 INFO [stdout]                                at librustdoc/test.rs:593
Dec 03 07:50:07.911 INFO [stdout]                                at liballoc/boxed.rs:672
Dec 03 07:50:07.911 INFO [stdout]   14:     0x7fa6895c5022 - <F as alloc::boxed::FnBox<A>>::call_box::h37f4bb882553d58c
Dec 03 07:50:07.911 INFO [stdout]                                at libtest/lib.rs:1461
Dec 03 07:50:07.911 INFO [stdout]                                at liballoc/boxed.rs:672
Dec 03 07:50:07.911 INFO [stdout]   15:     0x7fa687f63cd9 - __rust_maybe_catch_panic
Dec 03 07:50:07.911 INFO [stdout]                                at libpanic_unwind/lib.rs:102
Dec 03 07:50:07.911 INFO [stdout]   16:     0x7fa6895ed462 - std::sys_common::backtrace::__rust_begin_short_backtrace::hb8f0d0309526c184
Dec 03 07:50:07.911 INFO [stdout]                                at libstd/panicking.rs:289
Dec 03 07:50:07.911 INFO [stdout]                                at libstd/panic.rs:392
Dec 03 07:50:07.911 INFO [stdout]                                at libtest/lib.rs:1423
Dec 03 07:50:07.911 INFO [stdout]                                at libstd/sys_common/backtrace.rs:136
Dec 03 07:50:07.911 INFO [stdout]   17:     0x7fa6895ee204 - std::panicking::try::do_call::hc2f7c8b9a348d8db
Dec 03 07:50:07.911 INFO [stdout]                                at libstd/thread/mod.rs:409
Dec 03 07:50:07.911 INFO [stdout]                                at libstd/panic.rs:313
Dec 03 07:50:07.911 INFO [stdout]                                at libstd/panicking.rs:310
Dec 03 07:50:07.911 INFO [stdout]   18:     0x7fa687f63cd9 - __rust_maybe_catch_panic
Dec 03 07:50:07.911 INFO [stdout]                                at libpanic_unwind/lib.rs:102
Dec 03 07:50:07.911 INFO [stdout]   19:     0x7fa6895d694c - <F as alloc::boxed::FnBox<A>>::call_box::h6bfded618e480b32
Dec 03 07:50:07.911 INFO [stdout]                                at libstd/panicking.rs:289
Dec 03 07:50:07.911 INFO [stdout]                                at libstd/panic.rs:392
Dec 03 07:50:07.911 INFO [stdout]                                at libstd/thread/mod.rs:408
Dec 03 07:50:07.911 INFO [stdout]                                at liballoc/boxed.rs:672
Dec 03 07:50:07.911 INFO [stdout]   20:     0x7fa687f50c9d - std::sys_common::thread::start_thread::h4c28257d67cdf9cb
Dec 03 07:50:07.911 INFO [stdout]                                at liballoc/boxed.rs:682
Dec 03 07:50:07.911 INFO [stdout]                                at libstd/sys_common/thread.rs:24
Dec 03 07:50:07.912 INFO [stdout]   21:     0x7fa687f264d5 - std::sys::unix::thread::Thread::new::thread_start::hfecb2e7eff8fd34f
Dec 03 07:50:07.912 INFO [stdout]                                at libstd/sys/unix/thread.rs:90
Dec 03 07:50:07.912 INFO [stdout]   22:     0x7fa687ab26b9 - start_thread
Dec 03 07:50:07.912 INFO [stdout]   23:     0x7fa6875d241c - clone
Dec 03 07:50:07.912 INFO [stdout]   24:                0x0 - <unknown>
Dec 03 07:50:07.912 INFO [stdout] query stack during panic:
Dec 03 07:50:07.912 INFO [stdout] end of query stack
Dec 03 07:50:07.912 INFO [stdout] 
Dec 03 07:50:07.912 INFO [stdout] ---- src/lib.rs - Policy (line 677) stdout ----
Dec 03 07:50:07.912 INFO [stdout] error: expected type, found `{`
Dec 03 07:50:07.912 INFO [stdout]  --> src/lib.rs:680:5
Dec 03 07:50:07.912 INFO [stdout]   |
Dec 03 07:50:07.912 INFO [stdout] 4 |   "bindings": [
Dec 03 07:50:07.912 INFO [stdout]   |             - help: try using a semicolon: `;`
Dec 03 07:50:07.912 INFO [stdout] 5 |     {
Dec 03 07:50:07.912 INFO [stdout]   |     ^ expecting a type here because of type ascription
Dec 03 07:50:07.912 INFO [stdout] 
Dec 03 07:50:07.912 INFO [stdout] thread 'src/lib.rs - Policy (line 677)' panicked at 'couldn't compile the test', librustdoc/test.rs:332:13
Dec 03 07:50:07.912 INFO [stdout] stack backtrace:
Dec 03 07:50:07.912 INFO [stdout]    0:     0x7fa687f4a90f - std::sys::unix::backtrace::tracing::imp::unwind_backtrace::h3a8b83e1922cbdde
Dec 03 07:50:07.912 INFO [stdout]                                at libstd/sys/unix/backtrace/tracing/gcc_s.rs:49
Dec 03 07:50:07.912 INFO [stdout]    1:     0x7fa687f2f897 - std::sys_common::backtrace::print::h00d3155a29b4020f
Dec 03 07:50:07.912 INFO [stdout]                                at libstd/sys_common/backtrace.rs:71
Dec 03 07:50:07.912 INFO [stdout]                                at libstd/sys_common/backtrace.rs:59
Dec 03 07:50:07.912 INFO [stdout]    2:     0x7fa687f55cef - std::panicking::default_hook::{{closure}}::hd7465c742e79e1bb
Dec 03 07:50:07.912 INFO [stdout]                                at libstd/panicking.rs:211
Dec 03 07:50:07.912 INFO [stdout]    3:     0x7fa687f559ee - std::panicking::default_hook::h9e3966f2aa2a6e12
Dec 03 07:50:07.912 INFO [stdout]                                at libstd/panicking.rs:221
Dec 03 07:50:07.912 INFO [stdout]    4:     0x7fa68a0e0951 - rustc::util::common::panic_hook::h27965632b67fe74e
Dec 03 07:50:07.912 INFO [stdout]    5:     0x7fa687f564e6 - std::panicking::rust_panic_with_hook::h587f091ae747d080
Dec 03 07:50:07.912 INFO [stdout]                                at libstd/panicking.rs:480
Dec 03 07:50:07.912 INFO [stdout]    6:     0x55d2773a2b17 - std::panicking::begin_panic::hcef7ac517f7efe0f
Dec 03 07:50:07.912 INFO [stdout]                                at libstd/panicking.rs:410
Dec 03 07:50:07.912 INFO [stdout]    7:     0x55d277536cc7 - <rustdoc::test::Collector as rustdoc::test::Tester>::add_test::{{closure}}::{{closure}}::{{closure}}::h1a7d462b7674a13e
Dec 03 07:50:07.912 INFO [stdout]                                at librustdoc/test.rs:332
Dec 03 07:50:07.912 INFO [stdout]                                at librustdoc/test.rs:596
Dec 03 07:50:07.912 INFO [stdout]    8:     0x55d2774ec1f8 - <scoped_tls::ScopedKey<T>>::set::h9a299037e2efdd79
Dec 03 07:50:07.912 INFO [stdout]                                at /cargo/registry/src/github.com-1ecc6299db9ec823/scoped-tls-0.1.2/src/lib.rs:155
Dec 03 07:50:07.912 INFO [stdout]                                at libsyntax/lib.rs:106
Dec 03 07:50:07.912 INFO [stdout]                                at /cargo/registry/src/github.com-1ecc6299db9ec823/scoped-tls-0.1.2/src/lib.rs:155
Dec 03 07:50:07.912 INFO [stdout]    9:     0x55d2772f0601 - syntax::with_globals::hc9a23e436a64729f
Dec 03 07:50:07.912 INFO [stdout]                                at libsyntax/lib.rs:105
Dec 03 07:50:07.912 INFO [stdout]   10:     0x55d2773a2dbb - std::panicking::try::do_call::hd95e3a92339aa7c0
Dec 03 07:50:07.912 INFO [stdout]                                at librustdoc/test.rs:593
Dec 03 07:50:07.912 INFO [stdout]                                at libstd/panic.rs:313
Dec 03 07:50:07.912 INFO [stdout]                                at libstd/panicking.rs:310
Dec 03 07:50:07.912 INFO [stdout]   11:     0x7fa687f63cd9 - __rust_maybe_catch_panic
Dec 03 07:50:07.912 INFO [stdout]                                at libpanic_unwind/lib.rs:102
Dec 03 07:50:07.912 INFO [stdout]   12:     0x55d2773c5f49 - rustc_driver::in_named_rustc_thread::h5d5326e5f9843b1f
Dec 03 07:50:07.912 INFO [stdout]                                at libstd/panicking.rs:289
Dec 03 07:50:07.912 INFO [stdout]                                at libstd/panic.rs:392
Dec 03 07:50:07.912 INFO [stdout]                                at librustc_driver/lib.rs:1546
Dec 03 07:50:07.912 INFO [stdout]   13:     0x55d277504eb0 - <F as alloc::boxed::FnBox<A>>::call_box::h85b70bbf522f8d35
Dec 03 07:50:07.912 INFO [stdout]                                at librustdoc/test.rs:593
Dec 03 07:50:07.912 INFO [stdout]                                at liballoc/boxed.rs:672
Dec 03 07:50:07.912 INFO [stdout]   14:     0x7fa6895c5022 - <F as alloc::boxed::FnBox<A>>::call_box::h37f4bb882553d58c
Dec 03 07:50:07.912 INFO [stdout]                                at libtest/lib.rs:1461
Dec 03 07:50:07.912 INFO [stdout]                                at liballoc/boxed.rs:672
Dec 03 07:50:07.912 INFO [stdout]   15:     0x7fa687f63cd9 - __rust_maybe_catch_panic
Dec 03 07:50:07.912 INFO [stdout]                                at libpanic_unwind/lib.rs:102
Dec 03 07:50:07.912 INFO [stdout]   16:     0x7fa6895ed462 - std::sys_common::backtrace::__rust_begin_short_backtrace::hb8f0d0309526c184
Dec 03 07:50:07.912 INFO [stdout]                                at libstd/panicking.rs:289
Dec 03 07:50:07.912 INFO [stdout]                                at libstd/panic.rs:392
Dec 03 07:50:07.912 INFO [stdout]                                at libtest/lib.rs:1423
Dec 03 07:50:07.912 INFO [stdout]                                at libstd/sys_common/backtrace.rs:136
Dec 03 07:50:07.912 INFO [stdout]   17:     0x7fa6895ee204 - std::panicking::try::do_call::hc2f7c8b9a348d8db
Dec 03 07:50:07.912 INFO [stdout]                                at libstd/thread/mod.rs:409
Dec 03 07:50:07.912 INFO [stdout]                                at libstd/panic.rs:313
Dec 03 07:50:07.912 INFO [stdout]                                at libstd/panicking.rs:310
Dec 03 07:50:07.912 INFO [stdout]   18:     0x7fa687f63cd9 - __rust_maybe_catch_panic
Dec 03 07:50:07.912 INFO [stdout]                                at libpanic_unwind/lib.rs:102
Dec 03 07:50:07.912 INFO [stdout]   19:     0x7fa6895d694c - <F as alloc::boxed::FnBox<A>>::call_box::h6bfded618e480b32
Dec 03 07:50:07.912 INFO [stdout]                                at libstd/panicking.rs:289
Dec 03 07:50:07.912 INFO [stdout]                                at libstd/panic.rs:392
Dec 03 07:50:07.912 INFO [stdout]                                at libstd/thread/mod.rs:408
Dec 03 07:50:07.912 INFO [stdout]                                at liballoc/boxed.rs:672
Dec 03 07:50:07.912 INFO [stdout]   20:     0x7fa687f50c9d - std::sys_common::thread::start_thread::h4c28257d67cdf9cb
Dec 03 07:50:07.912 INFO [stdout]                                at liballoc/boxed.rs:682
Dec 03 07:50:07.912 INFO [stdout]                                at libstd/sys_common/thread.rs:24
Dec 03 07:50:07.912 INFO [stdout]   21:     0x7fa687f264d5 - std::sys::unix::thread::Thread::new::thread_start::hfecb2e7eff8fd34f
Dec 03 07:50:07.912 INFO [stdout]                                at libstd/sys/unix/thread.rs:90
Dec 03 07:50:07.912 INFO [stdout]   22:     0x7fa687ab26b9 - start_thread
Dec 03 07:50:07.912 INFO [stdout]   23:     0x7fa6875d241c - clone
Dec 03 07:50:07.912 INFO [stdout]   24:                0x0 - <unknown>
Dec 03 07:50:07.912 INFO [stdout] query stack during panic:
Dec 03 07:50:07.912 INFO [stdout] end of query stack
Dec 03 07:50:07.912 INFO [stdout] 
Dec 03 07:50:07.912 INFO [stdout] ---- src/lib.rs - Policy (line 697) stdout ----
Dec 03 07:50:07.912 INFO [stdout] error: expected type, found `-`
Dec 03 07:50:07.912 INFO [stdout]  --> src/lib.rs:699:1
Dec 03 07:50:07.912 INFO [stdout]   |
Dec 03 07:50:07.912 INFO [stdout] 3 | bindings:
Dec 03 07:50:07.912 INFO [stdout]   |         - help: try using a semicolon: `;`
Dec 03 07:50:07.912 INFO [stdout] 4 | - members:
Dec 03 07:50:07.913 INFO [stdout]   | ^ expecting a type here because of type ascription
Dec 03 07:50:07.913 INFO [stdout] 
Dec 03 07:50:07.913 INFO [stdout] thread 'src/lib.rs - Policy (line 697)' panicked at 'couldn't compile the test', librustdoc/test.rs:332:13
Dec 03 07:50:07.913 INFO [stdout] stack backtrace:
Dec 03 07:50:07.913 INFO [stdout]    0:     0x7fa687f4a90f - std::sys::unix::backtrace::tracing::imp::unwind_backtrace::h3a8b83e1922cbdde
Dec 03 07:50:07.913 INFO [stdout]                                at libstd/sys/unix/backtrace/tracing/gcc_s.rs:49
Dec 03 07:50:07.913 INFO [stdout]    1:     0x7fa687f2f897 - std::sys_common::backtrace::print::h00d3155a29b4020f
Dec 03 07:50:07.913 INFO [stdout]                                at libstd/sys_common/backtrace.rs:71
Dec 03 07:50:07.913 INFO [stdout]                                at libstd/sys_common/backtrace.rs:59
Dec 03 07:50:07.913 INFO [stdout]    2:     0x7fa687f55cef - std::panicking::default_hook::{{closure}}::hd7465c742e79e1bb
Dec 03 07:50:07.913 INFO [stdout]                                at libstd/panicking.rs:211
Dec 03 07:50:07.913 INFO [stdout]    3:     0x7fa687f559ee - std::panicking::default_hook::h9e3966f2aa2a6e12
Dec 03 07:50:07.913 INFO [stdout]                                at libstd/panicking.rs:221
Dec 03 07:50:07.913 INFO [stdout]    4:     0x7fa68a0e0951 - rustc::util::common::panic_hook::h27965632b67fe74e
Dec 03 07:50:07.913 INFO [stdout]    5:     0x7fa687f564e6 - std::panicking::rust_panic_with_hook::h587f091ae747d080
Dec 03 07:50:07.913 INFO [stdout]                                at libstd/panicking.rs:480
Dec 03 07:50:07.913 INFO [stdout]    6:     0x55d2773a2b17 - std::panicking::begin_panic::hcef7ac517f7efe0f
Dec 03 07:50:07.913 INFO [stdout]                                at libstd/panicking.rs:410
Dec 03 07:50:07.913 INFO [stdout]    7:     0x55d277536cc7 - <rustdoc::test::Collector as rustdoc::test::Tester>::add_test::{{closure}}::{{closure}}::{{closure}}::h1a7d462b7674a13e
Dec 03 07:50:07.913 INFO [stdout]                                at librustdoc/test.rs:332
Dec 03 07:50:07.913 INFO [stdout]                                at librustdoc/test.rs:596
Dec 03 07:50:07.913 INFO [stdout]    8:     0x55d2774ec1f8 - <scoped_tls::ScopedKey<T>>::set::h9a299037e2efdd79
Dec 03 07:50:07.913 INFO [stdout]                                at /cargo/registry/src/github.com-1ecc6299db9ec823/scoped-tls-0.1.2/src/lib.rs:155
Dec 03 07:50:07.913 INFO [stdout]                                at libsyntax/lib.rs:106
Dec 03 07:50:07.913 INFO [stdout]                                at /cargo/registry/src/github.com-1ecc6299db9ec823/scoped-tls-0.1.2/src/lib.rs:155
Dec 03 07:50:07.913 INFO [stdout]    9:     0x55d2772f0601 - syntax::with_globals::hc9a23e436a64729f
Dec 03 07:50:07.913 INFO [stdout]                                at libsyntax/lib.rs:105
Dec 03 07:50:07.913 INFO [stdout]   10:     0x55d2773a2dbb - std::panicking::try::do_call::hd95e3a92339aa7c0
Dec 03 07:50:07.913 INFO [stdout]                                at librustdoc/test.rs:593
Dec 03 07:50:07.913 INFO [stdout]                                at libstd/panic.rs:313
Dec 03 07:50:07.913 INFO [stdout]                                at libstd/panicking.rs:310
Dec 03 07:50:07.913 INFO [stdout]   11:     0x7fa687f63cd9 - __rust_maybe_catch_panic
Dec 03 07:50:07.913 INFO [stdout]                                at libpanic_unwind/lib.rs:102
Dec 03 07:50:07.913 INFO [stdout]   12:     0x55d2773c5f49 - rustc_driver::in_named_rustc_thread::h5d5326e5f9843b1f
Dec 03 07:50:07.913 INFO [stdout]                                at libstd/panicking.rs:289
Dec 03 07:50:07.913 INFO [stdout]                                at libstd/panic.rs:392
Dec 03 07:50:07.913 INFO [stdout]                                at librustc_driver/lib.rs:1546
Dec 03 07:50:07.913 INFO [stdout]   13:     0x55d277504eb0 - <F as alloc::boxed::FnBox<A>>::call_box::h85b70bbf522f8d35
Dec 03 07:50:07.913 INFO [stdout]                                at librustdoc/test.rs:593
Dec 03 07:50:07.913 INFO [stdout]                                at liballoc/boxed.rs:672
Dec 03 07:50:07.913 INFO [stdout]   14:     0x7fa6895c5022 - <F as alloc::boxed::FnBox<A>>::call_box::h37f4bb882553d58c
Dec 03 07:50:07.913 INFO [stdout]                                at libtest/lib.rs:1461
Dec 03 07:50:07.913 INFO [stdout]                                at liballoc/boxed.rs:672
Dec 03 07:50:07.913 INFO [stdout]   15:     0x7fa687f63cd9 - __rust_maybe_catch_panic
Dec 03 07:50:07.913 INFO [stdout]                                at libpanic_unwind/lib.rs:102
Dec 03 07:50:07.913 INFO [stdout]   16:     0x7fa6895ed462 - std::sys_common::backtrace::__rust_begin_short_backtrace::hb8f0d0309526c184
Dec 03 07:50:07.913 INFO [stdout]                                at libstd/panicking.rs:289
Dec 03 07:50:07.913 INFO [stdout]                                at libstd/panic.rs:392
Dec 03 07:50:07.913 INFO [stdout]                                at libtest/lib.rs:1423
Dec 03 07:50:07.913 INFO [stdout]                                at libstd/sys_common/backtrace.rs:136
Dec 03 07:50:07.913 INFO [stdout]   17:     0x7fa6895ee204 - std::panicking::try::do_call::hc2f7c8b9a348d8db
Dec 03 07:50:07.913 INFO [stdout]                                at libstd/thread/mod.rs:409
Dec 03 07:50:07.913 INFO [stdout]                                at libstd/panic.rs:313
Dec 03 07:50:07.913 INFO [stdout]                                at libstd/panicking.rs:310
Dec 03 07:50:07.913 INFO [stdout]   18:     0x7fa687f63cd9 - __rust_maybe_catch_panic
Dec 03 07:50:07.913 INFO [stdout]                                at libpanic_unwind/lib.rs:102
Dec 03 07:50:07.913 INFO [stdout]   19:     0x7fa6895d694c - <F as alloc::boxed::FnBox<A>>::call_box::h6bfded618e480b32
Dec 03 07:50:07.913 INFO [stdout]                                at libstd/panicking.rs:289
Dec 03 07:50:07.913 INFO [stdout]                                at libstd/panic.rs:392
Dec 03 07:50:07.913 INFO [stdout]                                at libstd/thread/mod.rs:408
Dec 03 07:50:07.913 INFO [stdout]                                at liballoc/boxed.rs:672
Dec 03 07:50:07.913 INFO [stdout]   20:     0x7fa687f50c9d - std::sys_common::thread::start_thread::h4c28257d67cdf9cb
Dec 03 07:50:07.913 INFO [stdout]                                at liballoc/boxed.rs:682
Dec 03 07:50:07.913 INFO [stdout]                                at libstd/sys_common/thread.rs:24
Dec 03 07:50:07.913 INFO [stdout]   21:     0x7fa687f264d5 - std::sys::unix::thread::Thread::new::thread_start::hfecb2e7eff8fd34f
Dec 03 07:50:07.913 INFO [stdout]                                at libstd/sys/unix/thread.rs:90
Dec 03 07:50:07.913 INFO [stdout]   22:     0x7fa687ab26b9 - start_thread
Dec 03 07:50:07.913 INFO [stdout]   23:     0x7fa6875d241c - clone
Dec 03 07:50:07.913 INFO [stdout]   24:                0x0 - <unknown>
Dec 03 07:50:07.913 INFO [stdout] query stack during panic:
Dec 03 07:50:07.913 INFO [stdout] end of query stack
Dec 03 07:50:07.913 INFO [stdout] 
Dec 03 07:50:07.913 INFO [stdout] ---- src/lib.rs - AuditLogConfig (line 386) stdout ----
Dec 03 07:50:07.913 INFO [stdout] error: expected type, found `{`
Dec 03 07:50:07.913 INFO [stdout]  --> src/lib.rs:389:5
Dec 03 07:50:07.913 INFO [stdout]   |
Dec 03 07:50:07.913 INFO [stdout] 4 |   "audit_log_configs": [
Dec 03 07:50:07.913 INFO [stdout]   |                      - help: try using a semicolon: `;`
Dec 03 07:50:07.913 INFO [stdout] 5 |     {
Dec 03 07:50:07.913 INFO [stdout]   |     ^ expecting a type here because of type ascription
Dec 03 07:50:07.913 INFO [stdout] 
Dec 03 07:50:07.913 INFO [stdout] thread 'src/lib.rs - AuditLogConfig (line 386)' panicked at 'couldn't compile the test', librustdoc/test.rs:332:13
Dec 03 07:50:07.913 INFO [stdout] stack backtrace:
Dec 03 07:50:07.913 INFO [stdout]    0:     0x7fa687f4a90f - std::sys::unix::backtrace::tracing::imp::unwind_backtrace::h3a8b83e1922cbdde
Dec 03 07:50:07.913 INFO [stdout]                                at libstd/sys/unix/backtrace/tracing/gcc_s.rs:49
Dec 03 07:50:07.913 INFO [stdout]    1:     0x7fa687f2f897 - std::sys_common::backtrace::print::h00d3155a29b4020f
Dec 03 07:50:07.913 INFO [stdout]                                at libstd/sys_common/backtrace.rs:71
Dec 03 07:50:07.913 INFO [stdout]                                at libstd/sys_common/backtrace.rs:59
Dec 03 07:50:07.913 INFO [stdout]    2:     0x7fa687f55cef - std::panicking::default_hook::{{closure}}::hd7465c742e79e1bb
Dec 03 07:50:07.913 INFO [stdout]                                at libstd/panicking.rs:211
Dec 03 07:50:07.913 INFO [stdout]    3:     0x7fa687f559ee - std::panicking::default_hook::h9e3966f2aa2a6e12
Dec 03 07:50:07.913 INFO [stdout]                                at libstd/panicking.rs:221
Dec 03 07:50:07.913 INFO [stdout]    4:     0x7fa68a0e0951 - rustc::util::common::panic_hook::h27965632b67fe74e
Dec 03 07:50:07.914 INFO [stdout]    5:     0x7fa687f564e6 - std::panicking::rust_panic_with_hook::h587f091ae747d080
Dec 03 07:50:07.914 INFO [stdout]                                at libstd/panicking.rs:480
Dec 03 07:50:07.914 INFO [stdout]    6:     0x55d2773a2b17 - std::panicking::begin_panic::hcef7ac517f7efe0f
Dec 03 07:50:07.914 INFO [stdout]                                at libstd/panicking.rs:410
Dec 03 07:50:07.914 INFO [stdout]    7:     0x55d277536cc7 - <rustdoc::test::Collector as rustdoc::test::Tester>::add_test::{{closure}}::{{closure}}::{{closure}}::h1a7d462b7674a13e
Dec 03 07:50:07.914 INFO [stdout]                                at librustdoc/test.rs:332
Dec 03 07:50:07.914 INFO [stdout]                                at librustdoc/test.rs:596
Dec 03 07:50:07.914 INFO [stdout]    8:     0x55d2774ec1f8 - <scoped_tls::ScopedKey<T>>::set::h9a299037e2efdd79
Dec 03 07:50:07.914 INFO [stdout]                                at /cargo/registry/src/github.com-1ecc6299db9ec823/scoped-tls-0.1.2/src/lib.rs:155
Dec 03 07:50:07.914 INFO [stdout]                                at libsyntax/lib.rs:106
Dec 03 07:50:07.914 INFO [stdout]                                at /cargo/registry/src/github.com-1ecc6299db9ec823/scoped-tls-0.1.2/src/lib.rs:155
Dec 03 07:50:07.914 INFO [stdout]    9:     0x55d2772f0601 - syntax::with_globals::hc9a23e436a64729f
Dec 03 07:50:07.914 INFO [stdout]                                at libsyntax/lib.rs:105
Dec 03 07:50:07.914 INFO [stdout]   10:     0x55d2773a2dbb - std::panicking::try::do_call::hd95e3a92339aa7c0
Dec 03 07:50:07.914 INFO [stdout]                                at librustdoc/test.rs:593
Dec 03 07:50:07.914 INFO [stdout]                                at libstd/panic.rs:313
Dec 03 07:50:07.914 INFO [stdout]                                at libstd/panicking.rs:310
Dec 03 07:50:07.914 INFO [stdout]   11:     0x7fa687f63cd9 - __rust_maybe_catch_panic
Dec 03 07:50:07.914 INFO [stdout]                                at libpanic_unwind/lib.rs:102
Dec 03 07:50:07.914 INFO [stdout]   12:     0x55d2773c5f49 - rustc_driver::in_named_rustc_thread::h5d5326e5f9843b1f
Dec 03 07:50:07.914 INFO [stdout]                                at libstd/panicking.rs:289
Dec 03 07:50:07.914 INFO [stdout]                                at libstd/panic.rs:392
Dec 03 07:50:07.914 INFO [stdout]                                at librustc_driver/lib.rs:1546
Dec 03 07:50:07.914 INFO [stdout]   13:     0x55d277504eb0 - <F as alloc::boxed::FnBox<A>>::call_box::h85b70bbf522f8d35
Dec 03 07:50:07.914 INFO [stdout]                                at librustdoc/test.rs:593
Dec 03 07:50:07.914 INFO [stdout]                                at liballoc/boxed.rs:672
Dec 03 07:50:07.914 INFO [stdout]   14:     0x7fa6895c5022 - <F as alloc::boxed::FnBox<A>>::call_box::h37f4bb882553d58c
Dec 03 07:50:07.914 INFO [stdout]                                at libtest/lib.rs:1461
Dec 03 07:50:07.914 INFO [stdout]                                at liballoc/boxed.rs:672
Dec 03 07:50:07.914 INFO [stdout]   15:     0x7fa687f63cd9 - __rust_maybe_catch_panic
Dec 03 07:50:07.914 INFO [stdout]                                at libpanic_unwind/lib.rs:102
Dec 03 07:50:07.914 INFO [stdout]   16:     0x7fa6895ed462 - std::sys_common::backtrace::__rust_begin_short_backtrace::hb8f0d0309526c184
Dec 03 07:50:07.914 INFO [stdout]                                at libstd/panicking.rs:289
Dec 03 07:50:07.914 INFO [stdout]                                at libstd/panic.rs:392
Dec 03 07:50:07.914 INFO [stdout]                                at libtest/lib.rs:1423
Dec 03 07:50:07.914 INFO [stdout]                                at libstd/sys_common/backtrace.rs:136
Dec 03 07:50:07.914 INFO [stdout]   17:     0x7fa6895ee204 - std::panicking::try::do_call::hc2f7c8b9a348d8db
Dec 03 07:50:07.914 INFO [stdout]                                at libstd/thread/mod.rs:409
Dec 03 07:50:07.914 INFO [stdout]                                at libstd/panic.rs:313
Dec 03 07:50:07.914 INFO [stdout]                                at libstd/panicking.rs:310
Dec 03 07:50:07.914 INFO [stdout]   18:     0x7fa687f63cd9 - __rust_maybe_catch_panic
Dec 03 07:50:07.914 INFO [stdout]                                at libpanic_unwind/lib.rs:102
Dec 03 07:50:07.914 INFO [stdout]   19:     0x7fa6895d694c - <F as alloc::boxed::FnBox<A>>::call_box::h6bfded618e480b32
Dec 03 07:50:07.914 INFO [stdout]                                at libstd/panicking.rs:289
Dec 03 07:50:07.914 INFO [stdout]                                at libstd/panic.rs:392
Dec 03 07:50:07.914 INFO [stdout]                                at libstd/thread/mod.rs:408
Dec 03 07:50:07.914 INFO [stdout]                                at liballoc/boxed.rs:672
Dec 03 07:50:07.914 INFO [stdout]   20:     0x7fa687f50c9d - std::sys_common::thread::start_thread::h4c28257d67cdf9cb
Dec 03 07:50:07.914 INFO [stdout]                                at liballoc/boxed.rs:682
Dec 03 07:50:07.914 INFO [stdout]                                at libstd/sys_common/thread.rs:24
Dec 03 07:50:07.914 INFO [stdout]   21:     0x7fa687f264d5 - std::sys::unix::thread::Thread::new::thread_start::hfecb2e7eff8fd34f
Dec 03 07:50:07.914 INFO [stdout]                                at libstd/sys/unix/thread.rs:90
Dec 03 07:50:07.914 INFO [stdout]   22:     0x7fa687ab26b9 - start_thread
Dec 03 07:50:07.914 INFO [stdout]   23:     0x7fa6875d241c - clone
Dec 03 07:50:07.914 INFO [stdout]   24:                0x0 - <unknown>
Dec 03 07:50:07.914 INFO [stdout] query stack during panic:
Dec 03 07:50:07.914 INFO [stdout] end of query stack
Dec 03 07:50:07.914 INFO [stdout] 
Dec 03 07:50:07.914 INFO [stdout] 
Dec 03 07:50:07.914 INFO [stdout] failures:
Dec 03 07:50:07.914 INFO [stdout]     src/lib.rs - AuditConfig (line 610)
Dec 03 07:50:07.914 INFO [stdout]     src/lib.rs - AuditLogConfig (line 386)
Dec 03 07:50:07.914 INFO [stdout]     src/lib.rs - Expr (line 525)
Dec 03 07:50:07.914 INFO [stdout]     src/lib.rs - Policy (line 677)
Dec 03 07:50:07.914 INFO [stdout]     src/lib.rs - Policy (line 697)
Dec 03 07:50:07.914 INFO [stdout] 
Dec 03 07:50:07.914 INFO [stdout] test result: FAILED. 21 passed; 5 failed; 1 ignored; 0 measured; 0 filtered out
Dec 03 07:50:07.914 INFO [stdout] 
Dec 03 07:50:07.951 INFO [stderr] error: test failed, to rerun pass '--doc'
Dec 03 07:50:07.953 INFO [stderr] su: No module specific data is present
Dec 03 07:50:09.029 INFO running `"docker" "inspect" "98f84cf82711d3a875f76fbe45f6cafe948e4a102dac033432d0ea4e9cb5998d"`
Dec 03 07:50:09.357 INFO running `"docker" "rm" "-f" "98f84cf82711d3a875f76fbe45f6cafe948e4a102dac033432d0ea4e9cb5998d"`
Dec 03 07:50:09.711 INFO [stdout] 98f84cf82711d3a875f76fbe45f6cafe948e4a102dac033432d0ea4e9cb5998d
